n base 3, what is 12220 + 10?
20000
In base 4, what is -1 - -12?
11
In base 7, what is 2 + 353?
355
In base 14, what is 2 + ad?
b1
In base 11, what is 21 - 220?
-1aa
In base 9, what is 4 - 3134?
-3130
In base 8, what is 46 + -205?
-137
In base 6, what is 4 - -1035?
1043
In base 7, what is 201 + 5?
206
In base 5, what is 10 - -104104?
104114
In base 11, what is 6 + -5?
1
In base 13, what is 364 + -4?
360
In base 5, what is 10 - 124342?
-124332
In base 4, what is -10231 - -111?
-10120
In base 11, what is -2a - -19?
-11
In base 3, what is -21 + -12101?
-12122
In base 10, what is -3 - 410?
-413
In base 14, what is -1 - 439?
-43a
In base 13, what is -1 - -322?
321
In base 16, what is -1 + df?
de
In base 9, what is 3 - 1064?
-1061
In base 5, what is 0 - 4320?
-4320
In base 11, what is -1a + -1?
-20
In base 7, what is 3 + -5164?
-5161
In base 14, what is -3b + -7?
-44
In base 12, what is -2 - 56?
-58
In base 11, what is -13 + 12?
-1
In base 11, what is -4 + 381?
378
In base 2, what is -11010100 + 0?
-11010100
In base 9, what is 5 + -2488?
-2483
In base 13, what is -3 + -61?
-64
In base 13, what is -2cc - -10?
-2bc
In base 14, what is a - 2d?
-23
In base 3, what is 220201 - -10?
220211
In base 13, what is 10 - 3a?
-2a
In base 14, what is 33 + -2?
31
In base 6, what is 0 - 50?
-50
In base 13, what is -5 - -42?
3a
In base 15, what is 989 - 4?
985
In base 5, what is 4143 - 112?
4031
In base 15, what is 6 + 37?
3d
In base 13, what is -2aa9 - -5?
-2aa4
In base 14, what is 4 - -61?
65
In base 5, what is -10 - 201?
-211
In base 16, what is 2 - -3?
5
In base 5, what is 0 + -3?
-3
In base 9, what is -2 - -22?
20
In base 13, what is 1b9 - 2?
1b7
In base 12, what is -62 - 3?
-65
In base 7, what is 152 + -5?
144
In base 3, what is -100 + -11001?
-11101
In base 14, what is -11 + 302?
2d1
In base 4, what is 1 - -201?
202
In base 6, what is 5430 - -4?
5434
In base 3, what is -1210 + 0?
-1210
In base 13, what is 533 - -12?
545
In base 10, what is -1 + 52?
51
In base 7, what is -2 - 5?
-10
In base 2, what is 1000000010 + -101?
111111101
In base 7, what is -450 - 4?
-454
In base 12, what is 4 + 10?
14
In base 12, what is 0 + 37?
37
In base 4, what is -220010 + -1?
-220011
In base 4, what is 23 - 1012?
-323
In base 7, what is -3611 + 0?
-3611
In base 15, what is 1 - -180?
181
In base 5, what is 3442 - 10?
3432
In base 2, what is 1011 - -11000?
100011
In base 2, what is -10101 + 10010?
-11
In base 3, what is -1 + -1002021?
-1002022
In base 5, what is -3143 + 3?
-3140
In base 14, what is 11a - -1c?
138
In base 5, what is -1012 - 20?
-1032
In base 8, what is -2 + 12037?
12035
In base 12, what is 31 - 7?
26
In base 3, what is -111112121 - 1?
-111112122
In base 3, what is -112 + 10100?
2211
In base 4, what is 10 + -10000?
-3330
In base 10, what is -386 - -14?
-372
In base 2, what is -1011 - 11?
-1110
In base 5, what is 10 - 1203?
-1143
In base 13, what is -15 - 56?
-6b
In base 5, what is 112 + -4?
103
In base 11, what is -2 - -10?
9
In base 8, what is 23 + -11?
12
In base 15, what is -12 - 0?
-12
In base 3, what is -1 - 112112?
-112120
In base 4, what is 11 - -2103?
2120
In base 2, what is 101001 - -11?
101100
In base 16, what is 815 - 3?
812
In base 9, what is -3 + 3338?
3335
In base 14, what is -50 - -8?
-46
In base 3, what is -1020 - -20?
-1000
In base 2, what is 10001 + -100111?
-10110
In base 12, what is -17 + -134?
-14b
In base 12, what is -1a3 + -10?
-1b3
In base 14, what is 5 + 73c?
743
In base 11, what is -a + -6a?
-79
In base 6, what is 11505 + 5?
11514
In base 12, what is 1 + 822?
823
In base 14, what is 50c - 2?
50a
In base 3, what is -201 + 202201?
202000
In base 8, what is 1 + 107?
110
In base 3, what is 21222 + 0?
21222
In base 9, what is -13 - -16?
3
In base 15, what is -2 - 1381?
-1383
In base 7, what is -11 + 56?
45
In base 9, what is -11 - -145?
134
In base 11, what is 64 + -4?
60
In base 15, what is 2dbd - 0?
2dbd
In base 7, what is 4 - -12?
16
In base 6, what is 121 + 0?
121
In base 6, what is -3 - -422?
415
In base 4, what is -2 + 1200?
1132
In base 16, what is -16 - -25?
f
In base 13, what is 9c - 13?
89
In base 2, what is 101 - 1010101100000?
-1010101011011
In base 4, what is -22133 - -3?
-22130
In base 14, what is -cb - 2?
-cd
In base 7, what is -4 + -101?
-105
In base 14, what is -5 + 12?
b
In base 13, what is a5 - -1b?
c3
In base 13, what is 2172 - 1?
2171
In base 10, what is -13 - 872?
-885
In base 14, what is -3 - -10d?
10a
In base 7, what is -14 + 35?
21
In base 12, what is 800 - 0?
800
In base 11, what is -5 - 67?
-71
In base 4, what is 0 - -113?
113
In base 6, what is 4 - -20102?
20110
In base 15, what is 11 - 17?
-6
In base 6, what is -5 + 1533?
1524
In base 10, what is 242 + 23?
265
In base 15, what is ee + 1?
100
In base 2, what is -1010 + -1001110010?
-1001111100
In base 15, what is 22 + -6?
1b
In base 9, what is 7 - -64?
72
In base 6, what is -5 - -1025?
1020
In base 14, what is d + 28?
37
In base 10, what is 354 + 0?
354
In base 16, what is 2 + ff?
101
In base 15, what is -1 + -c2?
-c3
In base 4, what is 3 + -13230?
-13221
In base 10, what is -28 + -23?
-51
In base 6, what is 3 - -1540?
1543
In base 4, what is -10 - 1013130?
-1013200
In base 6, what is -20 + -12?
-32
In base 12, what is -1 - 42a?
-42b
In base 6, what is 14 + -54?
-40
In base 16, what is -99 - 3?
-9c
In base 13, what is c + 93a?
949
In base 8, what is 545 + 1?
546
In base 3, what is -20022 + 11?
-20011
In base 11, what is 1 - -3506?
3507
In base 7, what is -300 + -1?
-301
In base 12, what is 1017 + -3?
1014
In base 9, what is -16 - -44?
27
In base 16, what is 2 + 4b?
4d
In base 14, what is 32 + -38?
-6
In base 5, what is -334 + 20?
-314
In base 16, what is -7 + 22?
1b
In base 10, what is 1005 - -5?
1010
In base 15, what is -ec8 + -1?
-ec9
In base 15, what is b9 + 4?
bd
In base 8, what is 3 - -1422?
1425
In base 16, what is -42 + 3a?
-8
In base 15, what is -4 + 89?
85
In base 7, what is -2411 - 2?
-2413
In base 16, what is -4 + -9?
-d
In base 8, what is -663 - -1?
-662
In base 5, what is 0 + -3?
-3
In base 10, what is 0 + -33?
-33
In base 6, what is -510 + 0?
-510
In base 14, what is 4 - 2?
2
In base 3, what is -11 + 221?
210
In base 12, what is a - 75?
-67
In base 12, what is 0 - -89b?
89b
In base 2, what is -10100 - 10010?
-100110
In base 13, what is -3 + b?
8
In base 9, what is -184 + -2?
-186
In base 16, what is -1 + -3?
-4
In base 7, what is -4 - 44?
-51
In base 14, what is 13 + 4?
17
In base 8, what is 2 + 34?
36
In base 13, what is 3115 - 5?
3110
In base 2, what is -1010 + -110?
-10000
In base 10, what is 6 + 1?
7
In base 14, what is 9 + c?
17
In base 9, what is 3 + 6040?
6043
In base 11, what is 2 - 2821?
-281a
In base 9, what is 11 + 25?
36
In base 5, what is -1140 - 2?
-1142
In base 3, what is 11012 - 21?
10221
In base 14, what is 19 - -7?
22
In base 11, what is 1 + 105?
106
In base 14, what is 141 + -3?
13c
In base 13, what is -3 - 30?
-33
In base 15, what is -3 - 0?
-3
In base 3, what is -101 + -1002110?
-1002211
In base 11, what is -4 - -a56?
a52
In base 8, what is 236 - -6?
244
In base 12, what is 2aa0 - 2?
2a9a
In base 16, what is -c - 11?
-1d
In base 7, what is -666 + 3?
-663
In base 8, what is -4 + -162?
-166
In base 4, what is 211 - -12?
223
In base 13, what is -36 - -6?
-30
In base 2, what is 101 - -110000?
110101
In base 5, what is 2432 + -4?
2423
In base 15, what is -2d - -21?
-c
In base 15, what is -14 - -1?
-13
In base 13, what is 4a + 14?
61
In base 12, what is 2 + 1b15?
1b17
In base 12, what is -4 + -294?
-298
In base 10, what is 4 - -63?
67
In base 14, what is 41 + -59?
-18
In base 6, what is -13 - -50?
33
In base 14, what is 287a + -3?
2877
In base 11, what is 11 + -19?
-8
In base 11, what is -3 + -62?
-65
In base 3, what is 10 + 211?
221
In base 16, what is -4 - -4?
0
In base 6, what is -5 - -20225?
20220
In base 14, what is 3 + 6a?
6d
In base 10, what is 34 + 13?
47
In base 7, what is 3 - -21?
24
In base 10, what is -1191 + 1?
-1190
In base 2, what is -10011010111 - 10?
-10011011001
In base 15, what is c + -c?
0
In base 15, what is -7 - 5?
-c
In base 3, what is -2 - -210210?
210201
In base 5, what is -33 + 2?
-31
In base 15, what is -32 + 2d?
-4
In base 10, what is 0 + 1896?
1896
In base 2, what is 1011010100001 - -100?
1011010100101
In ba